 (-5 - (3 + -9) - -2)?
2
What is the value of 1 + -2 + (4 - 7) - 3?
-7
What is -11 + (9 - (-2 + 0 - -9))?
-9
What is 0 - 5 - (-1 + 7 - 8)?
-3
What is 8 - (5 + -5) - 7?
1
What is -1 - (-3 + -4 + 4)?
2
Evaluate -8 - (-7 + (-2 - -9)).
-8
What is the value of 6 + (-4 - 0) + 9?
11
(5 - 0 - 3 - 3) + -1
-2
Evaluate 1 + 0 + (-10 - -8).
-1
What is 0 - (18 + -9 + (-4 - 0))?
-5
-8 - ((14 - 8) + -15)
1
What is the value of -1 + 3 + -1 - 4?
-3
Calculate -4 - (14 - 3 - 8).
-7
What is 1 + -5 + (7 - 4)?
-1
Calculate (4 - 2 - -1) + -4.
-1
Evaluate (2 - 1) + 2 + 0 + 0.
3
What is the value of (-17 - (-11 + (-2 - -8))) + 6?
-6
3 - 6 - -9 - 0 - 5
1
Evaluate 2 + (-11 - (-5 - -3 - 1)).
-6
Evaluate 1 - (14 - 9) - (1 - 4).
-1
0 - (2 + (0 - 3) + 4)
-3
What is the value of 15 - 18 - (5 + 0)?
-8
What is the value of (2 + 0 - (-1 - -1)) + -3?
-1
-18 + 15 - ((1 - -1) + -5)
0
Evaluate (0 - 2) + (9 - (-3 - -7)).
3
Calculate -8 + 11 - (1 - 1).
3
-2 - (-4 + 8 + -2)
-4
What is 10 - 10 - 3 - -4?
1
What is (0 - (-3 - -6)) + 2?
-1
(-3 - -8) + -4 + (-1 - -4)
4
Calculate (-1 - -5 - 5) + -1.
-2
Calculate 1 + (-2 + -5 - -8).
2
Evaluate -8 + -1 - (-7 + -3 + 5).
-4
Calculate 3 + 2 + -4 - (0 + -4).
5
What is the value of -3 - (-7 + -5 - -3)?
6
Calculate (-7 - (4 - 4) - -5) + -1.
-3
Evaluate -7 + 3 + -1 + 6.
1
Calculate 9 + -13 + 11 + -14.
-7
What is -1 - (-1 - 2) - (13 - 15)?
4
Evaluate -1 - 3 - ((-15 - -11) + 0).
0
What is the value of 1 + 1 - 7 - -1?
-4
What is the value of -3 + (11 - 3 - 7)?
-2
2 - (7 - (-7 - -5) - 3)
-4
Calculate -6 - (6 + 1 - 15).
2
Calculate 1 - (4 - (-4 + 7) - 4).
4
-4 - (7 + -2 + -9)
0
What is the value of -7 - (-5 - (4 + -3 - 3))?
-4
What is the value of (24 - 13) + (-6 - -2)?
7
Calculate 0 - (0 - (-1 + 2)).
1
What is the value of -2 - 1 - (-7 - -4)?
0
-6 + ((5 - 1) + -7 - -3)
-6
-6 - (-7 - (-4 - -4))
1
Calculate (9 - (-4 + 3 + 4)) + -1.
5
What is the value of 1 + 0 + -1 + 1 - 0?
1
What is the value of 4 + 19 - 13 - 8?
2
Calculate (-13 - -1) + -28 + (57 - 24).
-7
Evaluate 0 + -1 - 0 - (5 + -5).
-1
Calculate 3 + 0 - 10 - -7.
0
Evaluate 0 + 3 + (-13 - -26) + -16.
0
Evaluate (-5 - (-9 - 1)) + -3.
2
What is the value of 12 + -12 + (2 - -2)?
4
6 - (-6 - (-6 - 2))
4
(6 + -3 - 0) + -5 + -3
-5
What is the value of (6 - 7) + -5 + 3?
-3
-2 + 17 + (13 - 18) - 5
5
5 + 0 + 2 - 2
5
-4 + 3 + (-4 - 0)
-5
Calculate 1 + -2 - (-8 - (-3 - 1)).
3
What is 2 + -5 + -5 + 3?
-5
Evaluate 5 - (7 + -3) - (5 + -5).
1
What is -6 + 5 + -9 + -3 + 6?
-7
(4 - 3 - (-2 - 1)) + 0
4
Evaluate -6 - (7 - 3 - -2 - 16).
4
What is 3 - (6 + 0 + 1)?
-4
What is the value of (1 - -3) + (-9 - (0 + -4))?
-1
What is -2 - (-3 + (-2 - -5)) - -1?
-1
What is the value of (-5 - (-1 - 5)) + (0 - -5)?
6
What is -5 - (-4 + -1 + 4)?
-4
What is the value of 2 - (-1 - 3 - (4 - 11))?
-1
6 + -2 + (-4 - -5) + -4
1
Calculate -1 - (2 + -7 + 11).
-7
Evaluate -9 + 15 + (-2 - 1).
3
What is the value of 20 + (-5 - (10 + -4))?
9
-6 + 1 - (0 - (-18 - -13))
-10
What is the value of -5 + 4 - (-2 - 1)?
2
What is (-8 - (10 + -15)) + 9?
6
What is the value of -1 - (7 - (20 - 9))?
3
4 - (2 - (1 + 4) - -8)
-1
Evaluate 4 + (46 - 39) + 0 + -3.
8
Calculate -3 + 4 + (-4 - -2) + 0.
-1
Calculate -5 + -2 + (10 - 8).
-5
-5 + 5 + -3 + (0 - -1)
-2
What is (-5 - (4 + -15)) + -8?
-2
What is the value of -18 + 2 + (2 - 0) - -6?
-8
What is -7 + (-4 - (-7 + -3 + 3))?
-4
What is the value of (-10 - (-23 - -7)) + -8?
-2
What is -8 + 1 - -14 - (6 - 2)?
3
-2 + (-5 - (-18 + 6) - 8)
-3
What is 2 + -3 + -5 + 4 + -2?
-4
Evaluate 4 + -9 + 8 - 5.
-2
Calculate (5 + 1 - (9 + -1)) + 2.
0
What is -1 - (24 + -18 + -1 + -1)?
-5
-6 + (13 - 7) + 0 + 9
9
Calculate 4 + -4 + -2 + 0.
-2
Evaluate -8 + 3 + (9 - 6) + -1.
-3
Calculate 6 - (-7 - 0 - -7) - -2.
8
Calculate (-64 - -52) + (5 - 2).
-9
Calculate -8 + -4 + -5 + 23.
6
Calculate -3 + (-6 - (-13 + 1)).
3
6 + 6 + -11 - (0 - 1)
2
What is the value of 8 - (3 - -10) - -7?
2
What is the value of 2 - (3 - (-3 + (3 - 3)))?
-4
-3 + 2 - (-3 - 5 - -6)
1
(-1 - -5) + (0 - 8) + 4
0
Calculate (-11 - -6 - (-1 + 0)) + -1.
-5
-7 - ((-2 - -4) + -7)
-2
What is (7 - 0) + (-5 - (-1 + -1))?
4
Evaluate -5 - -1 - (-12 - -13).
-5
1 + -1 + (1 + 4 - 9)
-4
What is the value of -20 + 22 - (2 - (2 - -1))?
3
What is 0 - 3 - (-2 - 6 - -3)?
2
Evaluate 4 - (2 + -1 - (14 + -20)).
-3
1 + 3 - (12 + -10)
2
What is 1 + (-8 + (1 - -4) - -4)?
2
Calculate -4 - (-3 + -8) - (2 + 2).
3
What is the value of -3 - 2 - (-5 + -1 + 2)?
-1
What is -1 - (-1 - (2 - 2) - -4)?
-4
(-6 - 6 - -5) + 4
-3
Calculate (1 - -5) + -5 + (1 - -1).
3
Calculate 6 + -6 + -3 - (1 + -1).
-3
What is (5 - (2 - -2)) + -1 - 3?
-3
Calculate 2 + -4 + 3 + -3 - -4.
2
What is -3 - (5 - 9) - -3?
4
Calculate 10 + -5 + -1 + (6 - 5).
5
Calculate (62 - 58) + (-8 - 2).
-6
Evaluate -7 + -2 + 16 + -3 + 1.
5
What is -6 + 2 - (-11 - -3)?
4
What is 2 + (4 - 6) + -4 - 0?
-4
Evaluate (2 - 1) + (6 - 6) - 3.
-2
What is -1 + 4 + (0 - (4 + 0))?
-1
What is 17 - (21 + -13) - 6?
3
What is the value of -15 - (-14 - -29 - 27)?
-3
Calculate (3 - (14 + -1)) + -2 + 5.
-7
(20 + -24 - (-1 - 3)) + -3
-3
Calculate 0 + (-2 - 3) + (-9 - -14).
0
What is (1 - 1 - -3) + (-51 - -49)?
1
Calculate -2 + 1 + (0 - 5) + 3.
-3
Evaluate (-2 + 2 - -1) + (-14 - -14).
1
Evaluate (1 - 19 - -21) + (1 - 4).
0
Calculate -2 - (0 - (0 - 1)) - -1.
-2
What is 0 + 1 + (6 - (5 + -3))?
5
-2 - (7 + -10 - -3)
-2
What is 9 - (-5 + 13 + -4)?
5
(2 - -1) + -1 - (-12 - -11)
3
What is (0 - 0) + -4 - (1 - 3)?
-2
Calculate (5 - 2) + -3 + -3.
-3
Calculate (-9 + 11 - (-1 + -2)) + -2.
3
205 + -207 - (1 + -14)
11
Evaluate (-5 - (4 + -5) - 0) + 4.
0
What is 7 - (-6 + 0 + 13 - 1)?
1
Calculate 9 - (-3 + 1 - -2).
9
What is 2 - (0 + (3 - 2))?
1
Evaluate -7 - -4 - -2 - 0.
-1
What is the value of (0 - (-5 - -6)) + 3 + -1?
1
Calculate (-4 + 0 - -1) + (-25 - -33).
5
Calculate -96 - -107 - (9 + 0).
2
Evaluate (0 - (-1 + 4)) + -2.
-5
What is -8 + 0 + -2 + 7?
-3
Evaluate (40 - 31) + (-4 - -2).
7
What is the value of 2 + -1 - (9 + 0 + -5)?
-3
What is the value of (-4 - (-4 - (0 + -2))) + 0?
-2
(7 - -4 - 7) + -5
-1
What is the value of 3 + -9 + (-3 - -14)?
5
Evaluate 2 + (-4 + 5 - 8).
-5
Evaluate 3 + 0 + 10 + -6 + -2.
5
-1 + (-2 - -3) + (-3 - -4)
1
What is the value of -1 - (8 - -5 - 4 - 4)?
-6
Evaluate 12 - 5 - (-4 - (1 - 4)).
8
3 + (3 - 6 - -5)
5
Evaluate (0 + 2 - 1) + 37 + -33.
5
What is the value of 3 + -11 - (-11 + 8)?
-5
Evaluate (8 - 0 - 2) + (194 - 194).
6
What is 3 + (0 - 4) + 1?
0
What is 0 - -7 - (1 + 1)?
5
Calculate -3 + 7 - (2 + -2 + 4).
0
What is the value of (1 - (1 - -1)) + 6 + -8?
-3
What is the value of -10 - (1 - 3) - -5?
-3
What is (-147 - -140) + 0 + 0 + 4?
-3
What is the value of -3 - (1 + -4) - 1 - -1?
0
Evaluate 7 + (5 - 9) - 9.
-6
(8 + 0 - 1) + -6
1
What is 1 + -4 - (-1 - -3)?
-5
Evaluate 2 + -6 + 7 + (1 - 7).
-3
What is -104 + 111 - (0 + 2)?
5
What is the value of (7 - 3) + 2 + -4?
2
Evaluate 0 + 5 + -2 - 8.
-5
(-3 - (3 + -4)) + (-6 - -8)
0
Evaluate (2 - -1 - 6) + (-11 - -10).
-4
What is the value of 5 + (4 + -15 - -5)?
-1
What is the value of (77 - 70) + 1 + 0?
8
What is the value of -3 - (5 + -7) - (1 + 2)?
-4
3 + -9 + 3 - -8 - 0
5
Calculate -5 + 0 - (-10 - (2 + 0)).
7
Evaluate (-3 - 5) + 4 + -1 + 0.
-5
What is the value of 6 + (-2 - 5 - -2)?
1
What is the value of -6 + 7 + -1 + -5 - -1?
-4
Calculate -4 + (5 + -13 - -2) + 7.
-3
What is -1 - (-1 - -3) - (75 - 81)?
3
What is 4 + -3 + (1 - 6) + 2?
-2
What is the value of -1 + 2 - (2 - 4 - 0)?
3
Evaluate 0 - ((9 - 4) + 2 + -5).
-2
Calculate -7 - (-10 - (-10 + 6)).
-1
What is the value of -4 + 3 + 2 + -6?
-5
(-2 - (-5 + -6)) + -15
-6
What is -28 + 27 + (0 - (0 - 4))?
3
Evaluate -4 - (-8 + -4 - -10).
-2
(3 - 4) + 5 + 5
9
Calculate (-1 - 0 - 0) + 1.
0
Evaluate 0 + 0 - 0 - (-8 - -2).
6
What is the value of -5 - (-4 + 9 + -11)?
1
What is 8 - (-7 + 6 - -14)?
-5
What is 2 + -6 + (-4 - -6)?
-2
Evaluate 1 + (3 - (4 - -4)).
-4
Calculate (5 - 2) + -5 + 5.
3
What is the value of -3 + (4 - 10) + 9 + 6?
6
What is (1 - 0) + (1 - 2) - -1?
1
-1 - -2 - (-1 + 3 - 1)
0
3 + -16 + (5 - 0) + 5
-3
Evaluate 2 + 1 - (7 + -4).
0
What is 6 - (-6 - 1) - 14?
-1
Evaluate (2 - 2 - 3) + 2.
-1
What is the value of -5 - -2 - -3 - -2?
2
What is the value of -12 + -4 + 6 - -8?
-2
Evaluate 0 + 5 - (18 + 0 + -7).
-6
What is 5 + (10 - (10 - 4))?
9
3